ts digit of l?
4
Suppose 5*j = 34 + 146. What is the units digit of j?
6
Suppose -125 = 2*t - 385. What is the units digit of 24/(-84) + t/14?
9
Suppose -c = g - 44, g - 56 = -3*c - c. Suppose 4*m - g = -5*a + m, -2*a + 16 = m. What is the units digit of a?
8
What is the units digit of 3/((-27)/(-15))*30?
0
Let s = 8 - 2. Suppose -12 = 4*j, m - s*j - 34 = -4*j. What is the tens digit of m?
2
Let j(w) = w**3 + 4*w**2 - 6*w - 4. Let u be j(-5). Let o(l) = 13*l - 1. What is the tens digit of o(u)?
1
Let t(g) = g**2 - 3*g + 2. What is the units digit of t(4)?
6
Suppose -3*j - 4*s + 158 = 0, -2*s = -0*j + 4*j - 204. What is the tens digit of j?
5
Let m(p) = -p**2 - 9*p + 7. Let d be m(-7). Suppose -6*j + 2*r = -5*j - d, 4*r - 10 = -2*j. Suppose 2*n + 3 - j = 0. What is the units digit of n?
5
Let r be (6/(-4))/(3/(-10)). Let s(b) = b**3 - 5*b**2 + 3*b + 3. What is the units digit of s(r)?
8
Let j = -10 + 37. What is the tens digit of j?
2
Let c(h) = 3 + h**3 + 2 + 3*h - 5*h**2 + 1. What is the units digit of c(5)?
1
Let x = -17 + 24. What is the units digit of x?
7
Let j(z) = -27*z**2 + 3*z. Let l be j(3). What is the tens digit of 2/(-5) - l/10?
2
Let o = -2 - 0. Let i be o/(1*4/(-6)). Let w(u) = u**2 - u + 4. What is the units digit of w(i)?
0
Suppose 5 = -2*v - 15. Let j = -3 - 2. Let d = j - v. What is the units digit of d?
5
Let v(c) = -c**3 + c**2 + 5*c + 2. What is the units digit of v(-2)?
4
Suppose 0 = -3*w + 67 + 5. What is the tens digit of w?
2
Let j be (6 - 3) + 36/2. Suppose f - 3*f + 5*v = -j, 2*v = -3*f + 60. What is the units digit of f?
8
Suppose x = 5*x - 96. What is the tens digit of x?
2
Suppose -x - 4*t - 32 = -3*x, x + 3*t = 31. Let z = x - 5. What is the units digit of z?
7
Let l(z) = z**3 + 7*z**2 - z + 14. What is the tens digit of l(-6)?
5
Let v(n) = 17*n + 4. What is the units digit of v(3)?
5
Suppose 2*z = -3*a - 11, 3*z + 1 - 32 = 5*a. Suppose -k + 47 - z = 0. What is the units digit of k?
5
Let k be 1 + ((-42)/(-3))/(-2). Let n be (16/k)/((-1)/3). Suppose 3*t + 20 = n*t. What is the units digit of t?
4
Suppose 0 = -4*f + 9*f + 5*j + 45, 2*f = 4*j - 18. What is the tens digit of ((-14)/(-5))/(f/(-45))?
1
Let i be (-4)/(-2) + (1 - 3). Suppose i*t = -5*t + 90. What is the tens digit of t?
1
Let s(q) = -3 - 3 + 7*q + q**2 + 3*q**2 - 3*q**2. What is the units digit of s(-8)?
2
Suppose -o = 2*o. Suppose x = 3*n + 48, 5*x - 2*n - 59 - 155 = o. What is the tens digit of x?
4
Suppose 1172 - 447 = 5*f. What is the units digit of f?
5
What is the tens digit of (6/2 + 14)/1?
1
Suppose 0*i - 2*i + 46 = 2*x, 2*x - 64 = -3*i. Suppose -i + 6 = 4*y + 3*f, 3*f + 12 = 4*y. Suppose y = 3*z + 2*z - 10. What is the units digit of z?
2
Suppose 4*i = -2*p + 4*p, -5*p - i + 11 = 0. What is the units digit of ((-1)/p)/((-2)/4)?
1
Let v(q) be the first derivative of -q**3/3 + 5*q**2/2 + q + 4. Let d be v(4). Suppose 9 = 3*j - d*g - 47, 2*j - 2*g = 32. What is the units digit of j?
2
Let t = 13 - 8. Suppose 2*x + t*b = 52, -34 = -3*x + 4*b + 21. What is the tens digit of x?
2
What is the tens digit of ((-24)/(-16))/(2/(-216)*-2)?
8
Let s(g) = -g**2 + 4*g**2 - 2*g**2 - 4 + 5*g. Let p be 36/(-5) - (-1)/5. What is the units digit of s(p)?
0
Let s(x) = x**3 - 7*x**2 + 8*x - 7. Let p be s(6). Suppose p*y - 24 = 3*y. Let a = y + -5. What is the units digit of a?
7
Suppose 5*x - 29 - 1 = 0. What is the tens digit of -3*1*(-26)/x?
1
Let f(x) = x**2 - 1. Let i(p) = -p**3 - 3*p**2 + 7*p - 15. Let b(o) = -5*f(o) + i(o). What is the units digit of b(-9)?
8
Let h = -31 + 62. What is the units digit of h?
1
Suppose -6*h - 1 = 5. What is the tens digit of (h - -86)*(-4)/(-10)?
3
Let a(r) be the third derivative of -r**6/120 + 7*r**5/60 + 5*r**4/12 - r**3/3 - r**2. What is the units digit of a(8)?
4
Let a(u) = u**3 - 6*u**2 + 2. Let y be a(6). Suppose -3*s + 16 = -y*v, -2*s - 2*v - 1 = -15. What is the units digit of s?
6
Let t = 726 - 462. What is the units digit of t?
4
Suppose -m + 19 = 3. Suppose -2*u - 4*j + m = 0, -4*u - 4*j = u - 58. What is the units digit of u?
4
Suppose 4*i + 258 = 5*h, -5*i + 20 - 59 = -h. Suppose -2*t - t - h = -3*d, d - 21 = -2*t. What is the units digit of d?
9
Let c = -41 - -70. Suppose h = 5*a + c, 6*h - h - 3*a = 57. What is the units digit of h?
9
Suppose -d = 2 + 3. Let c = d + 6. What is the units digit of c?
1
Let z be -9*2/(-1*2). Let s(x) = z - x + 0 + 2. What is the units digit of s(10)?
1
Suppose 0*h - 6*h + 54 = 0. What is the units digit of h?
9
Suppose 100 = 5*d - 0*d. What is the units digit of d?
0
Let n be ((-4)/10)/(1/(-20)). Suppose -144 = -5*k - 4*f, -4*f = k - n*f - 48. What is the tens digit of k?
3
Let m(s) = 2*s + 3. Let r be m(0). Suppose -r*n + 4*o = 26 - 84, -83 = -3*n - o. What is the units digit of n?
6
Suppose 0 = -5*k + 10. Let b(p) = 3 + p**3 + 0 + 0*p**3 - k*p. What is the units digit of b(2)?
7
Let b(r) = -3*r + 5*r + 0*r - r - 3. What is the units digit of b(8)?
5
Suppose 4*z + 18 = 2*b, 3*b - z - 4*z - 25 = 0. Suppose 0 = -3*n - 2*n - 3*q + 99, b*n - 101 = -2*q. What is the units digit of n?
1
Suppose 0*g + 2*g + 8 = 0. Let o be (-5)/((-10)/g) - -7. Let f = -1 + o. What is the units digit of f?
4
Suppose 4*t - 1127 = -183. What is the tens digit of t?
3
What is the tens digit of 11/(1 + (-1)/2)?
2
Suppose 3*t = 3*u + 1 + 8, 0 = -2*t + 5*u. Suppose 5*b - 11 - 19 = 0. Let w = b + t. What is the tens digit of w?
1
Let c(w) = w**3 + 2*w**2 - 3*w**3 + 2*w + w**3 - 5*w**2. Let v be c(-3). Let y = v - -15. What is the units digit of y?
9
Suppose 0 = 2*a - 4*z + z - 21, -a = -2*z - 9. Let r = a + -11. What is the units digit of r?
4
Suppose 5*r = -0 + 5. Let b(j) = 27*j - 1. What is the tens digit of b(r)?
2
Let j(b) = -3*b - 5. Let u(c) = 8*c + 14. Let g(s) = 7*j(s) + 2*u(s). Let z be (-134)/26 - (-22)/143. What is the units digit of g(z)?
8
Suppose -120 = -3*o - 3*w, -7*w - 5 = -2*w. What is the tens digit of o?
4
Let j = -5 - -11. What is the units digit of j?
6
Suppose -3*y + y = 4*o, -2 = 2*o. Let d(p) = 2*p - 2. Let b be d(y). Suppose 2*z = -4*h + 12, -h - 2*z = h - b. What is the units digit of h?
5
Let p(j) = j**3 + 2*j**2 - 4*j - 1. Let k be p(-4). Let v = k + 32. What is the tens digit of v?
1
Let u(j) = j + 2. Let n be u(2). Let p(l) = -l**3 + 2*l**2 + l + 2. Let r be p(3). What is the units digit of 19/n + (-1)/r?
5
Let j(h) = h**2 - 3*h + 6. What is the hundreds digit of j(-10)?
1
Let p(g) = -2*g**3 - 19*g**2 - 15*g - 11. Let c(l) = 3*l**3 + 28*l**2 + 22*l + 16. Let u(k) = -5*c(k) - 8*p(k). What is the units digit of u(-11)?
9
Let s(u) = 3*u**2 - 6*u - 18. What is the tens digit of s(5)?
2
Suppose -2*c + 71 = f, 4*c - f = -0*f + 139. What is the units digit of 486/14 - (-10)/c?
5
Let s = -11 - -7. Let m = s - -12. What is the units digit of m?
8
Let m be (-203)/28 + (-1)/(-4). Let s = m - -8. What is the units digit of s?
1
Let d = -10 - -12. Let p be ((-52)/2)/d + 0. Let k = 22 + p. What is the units digit of k?
9
Let b = 7 - 5. Let f(q) = 5*q**3 - 2*q + 1. What is the tens digit of f(b)?
3
Let n = 20 - 12. Suppose -2*c + n = -6*c. Let w(p) = -2*p**3 + p**2 + p - 1. What is the tens digit of w(c)?
1
Let o be (-3)/4 - (-19)/4. What is the units digit of (o/4 + -3)*-6?
2
Suppose -3*o - 5*x - 119 = 0, 2*o + 3*x = 3*o + 49. Let s = -31 - o. What is the units digit of s?
2
What is the units digit of (322/(-42))/(2/(-6))?
3
Let i(s) = 3*s**2 + 5*s - 5. Suppose -2*x - x + 21 = 0. Let q(v) = 5*v**2 + 11*v - 11. Let j(c) = x*i(c) - 4*q(c). What is the units digit of j(8)?
1
Suppose -4*c = -4*p + 12, -12 = -8*p + 4*p. Let b = c + 2. Suppose 0 = -b*r + 4. What is the units digit of r?
2
Let u(f) = -f**3 - 5*f**2 - f. Let t be u(-5). Suppose -33 = -5*c + w + w, -t*c = w - 36. Suppose 5*i + c = 3*d - 4*d, -2*i = 10. What is the units digit of d?
8
What is the units digit of (12 + 0)/((-2)/(-4))?
4
Let c(v) = v**3 + 5*v**2 - 2*v - 7. Let d(k) = k**2 - k - 4. Let y be d(3). Let m be 5*(1 - (y - 0)). What is the units digit of c(m)?
3
Let v = 71 + -47. Suppose 0 = -5*u + 2*u + v. What is the units digit of u?
8
Let r(l) = 5 + 0*l - 2 + 3*l. Let q be r(-2). What is the units digit of -1 - (3/q + -2)?
2
Let y(b) = b**3 + b**2 - b - 3. What is the units digit of y(3)?
0
Let b(d) be the third derivative 